 - 1914c1?
-19146c
In base 12, what is 5 - -96671?
96676
In base 12, what is -95 - -a2457?
a2382
In base 2, what is -1000000101001101011110 + 11000?
-1000000101001101000110
In base 4, what is 11122131201 + -3?
11122131132
In base 11, what is 114604300 - 4?
1146042a7
In base 15, what is -12938a - -14?
-129376
In base 7, what is 43122 - 155?
42634
In base 9, what is 1278130 + -7?
1278122
In base 12, what is -4a32 - 831b?
-11151
In base 7, what is 1 - -14221341?
14221342
In base 16, what is 54 + 554b7?
5550b
In base 8, what is 3014762041 + -1?
3014762040
In base 10, what is 1 + -15547735?
-15547734
In base 6, what is -432022101 + -1?
-432022102
In base 16, what is -5f8cb2 + 9?
-5f8ca9
In base 7, what is 5313150 + -6?
5313141
In base 14, what is 4cd5 + -317?
49bc
In base 15, what is -964350 - -1?
-96434e
In base 13, what is 45c2353b + -3?
45c23538
In base 12, what is -21362 + -1a1?
-21543
In base 12, what is 12893 + -259?
12636
In base 3, what is -1211 + 10010122101000?
10010122022012
In base 15, what is -8d2 - 6c6?
-10a8
In base 7, what is 153065 + 435?
153533
In base 13, what is -4 - -7759258?
7759254
In base 6, what is -502354 - -35125?
-423225
In base 10, what is -34337 - -3348?
-30989
In base 4, what is 23332 + -20221020?
-20131022
In base 2, what is 10 + -1110000000110011010100?
-1110000000110011010010
In base 13, what is 226a1115 - -2?
226a1117
In base 9, what is 4 + -1867146?
-1867142
In base 6, what is -11305133 + -113?
-11305250
In base 8, what is -131167214 + -3?
-131167217
In base 6, what is -53442422 + 13?
-53442405
In base 9, what is -2062354736 - -5?
-2062354731
In base 11, what is 42831 - -1207?
43a38
In base 10, what is -162885931 - 5?
-162885936
In base 2, what is 0 + -100111100100001111111101?
-100111100100001111111101
In base 8, what is -140 - -2207154?
2207014
In base 16, what is -6d + -ef4b?
-efb8
In base 15, what is -5 + 1acd90d?
1acd908
In base 10, what is 5013413 + -13?
5013400
In base 2, what is 1011001000101110010101011 - -10?
1011001000101110010101101
In base 12, what is -110 - -63059?
62b49
In base 15, what is -80 - 3227?
-32a7
In base 5, what is 133244 - 242430?
-104131
In base 13, what is -3b377 - -220?
-3b157
In base 6, what is -45 - -42503534?
42503445
In base 11, what is -10a9830 + -152?
-10a9982
In base 13, what is 10858 + -962c?
4229
In base 9, what is 1 - 1065578466?
-1065578465
In base 11, what is -26799694 - -3?
-26799691
In base 3, what is 10222 + -1201121101002?
-1201121020010
In base 4, what is 102 + -2312120100?
-2312113332
In base 11, what is a6 - -493767?
493862
In base 7, what is -3044 - -40254?
34210
In base 15, what is 2 - -741e66?
741e68
In base 11, what is -821 - 17a4?
-2515
In base 9, what is 5 + -7045600?
-7045584
In base 7, what is 346000 - 130?
345540
In base 16, what is 180b7d - -8?
180b85
In base 5, what is -4 + -1101432044431?
-1101432044440
In base 12, what is -3113 + -410?
-3523
In base 3, what is 1000 - -111011001202?
111011002202
In base 16, what is -11ed5c6 + -14?
-11ed5da
In base 16, what is -95 + -1faa?
-203f
In base 11, what is -187 - 960799?
-960975
In base 9, what is 37548446 + 0?
37548446
In base 10, what is -860775 + 9?
-860766
In base 9, what is 3542468 - -45?
3542524
In base 4, what is -12133033030 + -1?
-12133033031
In base 14, what is 1aad4a + 7?
1aad53
In base 2, what is -10 - 1111001110100111111001?
-1111001110100111111011
In base 6, what is 5 - -1241553235?
1241553244
In base 13, what is -8053 + -a7?
-812a
In base 9, what is 43 - 18061402?
-18061348
In base 3, what is -10002012121202 + 0?
-10002012121202
In base 12, what is -a54 + a139?
92a5
In base 3, what is -10 - -2200211001102221?
2200211001102211
In base 4, what is -330 + 1130322122?
1130321132
In base 12, what is -568794 - -68?
-568728
In base 15, what is -85e48a - -8?
-85e482
In base 12, what is -1b6980 + 139?
-1b6843
In base 11, what is 1028 - -a8808?
a9835
In base 4, what is -12320021 - 212233?
-13132320
In base 14, what is 1 - -96319?
9631a
In base 10, what is 121761 - 102?
121659
In base 12, what is 11 - 2201921?
-2201910
In base 16, what is 5 + -7cdf4?
-7cdef
In base 3, what is -2122210011 - -200120?
-2122002121
In base 11, what is -4 - -403a016?
403a012
In base 14, what is -4 - -bc8a9?
bc8a5
In base 12, what is 5 - a2962a9?
-a2962a4
In base 11, what is 30 - -a233a68?
a233a98
In base 2, what is -100010111 + 10001010001001001?
10001001100110010
In base 16, what is 5d4fe - -417?
5d915
In base 7, what is 20164601 - -1236?
20166140
In base 4, what is -1023 - 2021331?
-2023020
In base 3, what is 11120222011102 - 112?
11120222010220
In base 16, what is -3903 + af?
-3854
In base 3, what is -11 - -2100120000112022?
2100120000112011
In base 12, what is -71b - 169b3?
-17512
In base 11, what is -82a + -45463?
-46192
In base 4, what is -3322313 - -123001?
-3133312
In base 14, what is 4 - -b5a095?
b5a099
In base 7, what is -31 - -23262553?
23262522
In base 3, what is 11 - 20222021212100?
-20222021212012
In base 13, what is 287070 + -21?
28704c
In base 3, what is -212102122000 + -11002?
-212102210002
In base 8, what is -1013 + -25611?
-26624
In base 15, what is -8d278 - ba?
-8d343
In base 11, what is 30 - -635a31?
635a61
In base 7, what is 4 - -615120535?
615120542
In base 10, what is -70 + 922?
852
In base 13, what is -6824c5 + -5?
-6824ca
In base 15, what is 35 - 2688d6?
-2688a1
In base 9, what is 4 - -30156453?
30156457
In base 8, what is 4 + 54004071?
54004075
In base 2, what is -100100001000 + -1011010001101010?
-1011110101110010
In base 14, what is 2863 + 632?
3095
In base 3, what is 120002210020 + -21?
120002202222
In base 8, what is -20 - 5400?
-5420
In base 14, what is -9027cb6 + -2?
-9027cb8
In base 12, what is -123434a - -79?
-1234291
In base 5, what is 23 + -42141020040?
-42141020012
In base 7, what is 32106653 - 53?
32106600
In base 8, what is 640466 - 4723?
633543
In base 9, what is -2 - -6300064?
6300062
In base 7, what is -225 - -203446?
203221
In base 15, what is 5d + -9039?
-8ecb
In base 14, what is 3 - -389169?
38916c
In base 2, what is 11 - -101010000110010010011?
101010000110010010110
In base 5, what is 242214204314 + -10?
242214204304
In base 11, what is -8985 + -148?
-9022
In base 10, what is -21669259 + 4?
-21669255
In base 11, what is -2aa62 - -237?
-2a826
In base 11, what is 7 + 9a08207?
9a08213
In base 9, what is 36061 + -64574?
-27513
In base 6, what is -4450531 - 13?
-4450544
In base 7, what is 1 - 321514420?
-321514416
In base 5, what is -2 + 434204?
434202
In base 12, what is -a + -2241a3b?
-2241a49
In base 12, what is 6a15879 + 2b?
6a158a8
In base 2, what is -11000001110110011000 + 1100?
-11000001110110001100
In base 9, what is 8385555 - 31?
8385524
In base 5, what is -3 - -1141340310?
1141340302
In base 15, what is -19 + -178249d?
-17824b7
In base 5, what is -23103114 - -30?
-23103034
In base 2, what is -11000100 + -101111011100111011?
-101111011111111111
In base 10, what is 8624 - 44?
8580
In base 10, what is 10 - -47825149?
47825159
In base 5, what is -12023 - 443234?
-1010312
In base 12, what is 774681 - -42?
774703
In base 6, what is 204220 + 31323?
235543
In base 3, what is 112001221 + 100020?
112102011
In base 11, what is 5a634432 - 4?
5a634429
In base 12, what is -3 + -730111?
-730114
In base 13, what is -114c8 - 1aa7?
-132a2
In base 7, what is -135450 + -12115?
-150565
In base 14, what is 4ca - -9d4b?
a437
In base 2, what is -1000101001101 + -100001001011?
-1100110011000
In base 15, what is -41 + -1a2699?
-1a26da
In base 9, what is -143 - -348348?
348205
In base 11, what is 75 + 83a50?
84015
In base 11, what is -50 - 8723572?
-8723612
In base 8, what is -633 + -577026?
-577661
In base 10, what is -37235 - -267?
-36968
In base 12, what is -830 + -20399?
-21009
In base 4, what is -2113133113211 - 11?
-2113133113222
In base 16, what is fa1c5 + 2?
fa1c7
In base 13, what is -4 + -53927a?
-539281
In base 14, what is -216 + 29bb0?
29998
In base 10, what is 12001415 + 8?
12001423
In base 2, what is -10000101100111110010 - 11101111?
-10000101101011100001
In base 10, what is -6649 - -78963?
72314
In base 7, what is -2 - 4414546?
-4414551
In base 7, what is 336510306 - 1?
336510305
In base 16, what is 930f11 - 8?
930f09
In base 3, what is 1200020111120 - 1022?
1200020110021
In base 12, what